is divided by 493249?
3
Calculate the remainder when 11646 is divided by 31.
21
Calculate the remainder when 30461 is divided by 30358.
103
Calculate the remainder when 2854845 is divided by 17.
1
What is the remainder when 113848617 is divided by 30?
27
What is the remainder when 5414991 is divided by 537?
420
Calculate the remainder when 2838052 is divided by 2516.
4
Calculate the remainder when 4258084 is divided by 191.
121
What is the remainder when 547299 is divided by 547074?
225
Calculate the remainder when 20583230 is divided by 437941.
3
Calculate the remainder when 14888705 is divided by 116.
105
What is the remainder when 1776191 is divided by 213?
197
What is the remainder when 20805757 is divided by 290?
287
Calculate the remainder when 45832 is divided by 4155.
127
What is the remainder when 71438492 is divided by 313?
311
Calculate the remainder when 32648860 is divided by 4182.
4168
What is the remainder when 17142023 is divided by 5?
3
Calculate the remainder when 439624 is divided by 53.
42
What is the remainder when 3509369 is divided by 269?
264
Calculate the remainder when 84195293 is divided by 10437.
14
What is the remainder when 1182377 is divided by 1737?
1217
What is the remainder when 3706031 is divided by 6606?
65
What is the remainder when 207625 is divided by 100780?
6065
Calculate the remainder when 24860 is divided by 530.
480
Calculate the remainder when 15207809 is divided by 46507.
20
What is the remainder when 32859455 is divided by 8?
7
What is the remainder when 710931020 is divided by 376?
372
Calculate the remainder when 95147171 is divided by 9.
8
Calculate the remainder when 9182672 is divided by 719.
323
What is the remainder when 58247 is divided by 19332?
251
Calculate the remainder when 9272064 is divided by 124.
88
What is the remainder when 112200 is divided by 55791?
618
What is the remainder when 73089519 is divided by 24?
15
Calculate the remainder when 1080756 is divided by 86.
80
Calculate the remainder when 10998 is divided by 1915.
1423
What is the remainder when 10886758 is divided by 72?
70
What is the remainder when 9672219 is divided by 491?
10
What is the remainder when 1283383 is divided by 66?
13
What is the remainder when 1158999 is divided by 579497?
5
What is the remainder when 1592911 is divided by 5189?
5077
What is the remainder when 3332244 is divided by 47603?
34
Calculate the remainder when 71568 is divided by 3749.
337
What is the remainder when 130810 is divided by 4839?
157
Calculate the remainder when 6904044 is divided by 884.
4
Calculate the remainder when 348104 is divided by 203.
162
Calculate the remainder when 6845994 is divided by 26.
12
What is the remainder when 66475 is divided by 16594?
99
What is the remainder when 9644 is divided by 66?
8
What is the remainder when 1136450 is divided by 1414?
1008
Calculate the remainder when 134202 is divided by 1476.
1362
Calculate the remainder when 753845 is divided by 15382.
127
Calculate the remainder when 446303 is divided by 497.
494
What is the remainder when 9125 is divided by 8433?
692
Calculate the remainder when 41010 is divided by 3406.
138
Calculate the remainder when 48032 is divided by 23990.
52
Calculate the remainder when 39106 is divided by 36929.
2177
What is the remainder when 60705244 is divided by 371?
369
What is the remainder when 152918 is divided by 50714?
776
Calculate the remainder when 200477 is divided by 28615.
172
Calculate the remainder when 540135 is divided by 845.
180
What is the remainder when 1016361 is divided by 199?
68
What is the remainder when 79099149 is divided by 22?
19
Calculate the remainder when 10357 is divided by 2356.
933
What is the remainder when 11434980 is divided by 242?
238
Calculate the remainder when 29727781 is divided by 97.
94
What is the remainder when 44242 is divided by 11011?
198
What is the remainder when 76651 is divided by 2642?
33
What is the remainder when 243275065 is divided by 9930?
9925
What is the remainder when 122243181 is divided by 1211?
1208
What is the remainder when 137723113 is divided by 1607?
1606
Calculate the remainder when 36142 is divided by 6910.
1592
What is the remainder when 2047029 is divided by 39364?
101
Calculate the remainder when 33946584 is divided by 514342.
12
What is the remainder when 592664 is divided by 148148?
72
Calculate the remainder when 167164 is divided by 23853.
193
What is the remainder when 31646532 is divided by 1386?
1380
What is the remainder when 1408663 is divided by 630?
613
Calculate the remainder when 3257762 is divided by 15513.
32
What is the remainder when 9874721 is divided by 5010?
11
What is the remainder when 14850865 is divided by 23424?
49
Calculate the remainder when 91928957 is divided by 109.
101
What is the remainder when 63223041 is divided by 1582?
1575
What is the remainder when 278435 is divided by 10312?
11
What is the remainder when 19583 is divided by 2499?
2090
What is the remainder when 134242 is divided by 6701?
222
What is the remainder when 123629 is divided by 1030?
29
What is the remainder when 1149788 is divided by 765?
758
What is the remainder when 1553128 is divided by 36?
16
Calculate the remainder when 133884 is divided by 133882.
2
What is the remainder when 9817984 is divided by 277?
273
Calculate the remainder when 47050 is divided by 797.
27
Calculate the remainder when 925170 is divided by 8980.
230
Calculate the remainder when 3217826 is divided by 598.
586
What is the remainder when 8462571 is divided by 46?
43
What is the remainder when 11047137 is divided by 78348?
69
Calculate the remainder when 196491 is divided by 2642.
983
What is the remainder when 912033 is divided by 5921?
199
Calculate the remainder when 45824 is divided by 217.
37
What is the remainder when 26130149 is divided by 379?
373
What is the remainder when 7123341 is divided by 48?
45
What is the remainder when 80783 is divided by 6210?
53
What is the remainder when 1554043 is divided by 58?
49
Calculate the remainder when 349744 is divided by 579.
28
Calculate the remainder when 47784097 is divided by 158.
157
Calculate the remainder when 14231 is divided by 3879.
2594
Calculate the remainder when 4117168 is divided by 39588.
16
Calculate the remainder when 26611 is divided by 959.
718
Calculate the remainder when 2075474 is divided by 1128.
1082
Calculate the remainder when 688438 is divided by 62583.
25
What is the remainder when 542568 is divided by 33904?
104
What is the remainder when 26795 is divided by 8139?
2378
Calculate the remainder when 8423197 is divided by 2242.
3
Calculate the remainder when 772401 is divided by 24.
9
Calculate the remainder when 7563836 is divided by 26822.
32
What is the remainder when 901139 is divided by 17326?
187
Calculate the remainder when 164542 is divided by 519.
19
Calculate the remainder when 41986948 is divided by 195288.
28
What is the remainder when 32428881 is divided by 32428880?
1
What is the remainder when 36033 is divided by 33411?
2622
What is the remainder when 128876 is divided by 865?
856
What is the remainder when 71168397 is divided by 954?
951
What is the remainder when 1224511 is divided by 16?
15
What is the remainder when 1282264 is divided by 160278?
40
Calculate the remainder when 547637 is divided by 182537.
26
Calculate the remainder when 23688180 is divided by 4224.
4212
What is the remainder when 105708 is divided by 7323?
3186
What is the remainder when 155153 is divided by 19307?
697
What is the remainder when 9873135 is divided by 26?
25
Calculate the remainder when 99282 is divided by 5439.
1380
What is the remainder when 609006 is divided by 893?
873
Calculate the remainder when 91591 is divided by 30457.
220
What is the remainder when 36224617 is divided by 3678?
3673
Calculate the remainder when 2608231 is divided by 8.
7
What is the remainder when 58157542 is divided by 77?
58
Calculate the remainder when 4123043 is divided by 20411.
21
What is the remainder when 2451505 is divided by 272318?
643
Calculate the remainder when 13993 is divided by 2372.
2133
What is the remainder when 79145 is divided by 1039?
181
Calculate the remainder when 184615 is divided by 170.
165
What is the remainder when 350459 is di